Calculate the greatest common factor of 1 and 2.
1
Calculate the highest common divisor of 15 and 1885.
5
Calculate the greatest common divisor of 830 and 520.
10
What is the highest common divisor of 49 and 322?
7
What is the greatest common factor of 72 and 240?
24
Calculate the greatest common divisor of 81 and 1.
1
What is the greatest common factor of 5 and 25?
5
What is the highest common divisor of 58 and 493?
29
Calculate the greatest common factor of 1728 and 128.
64
What is the highest common divisor of 11 and 869?
11
Calculate the greatest common divisor of 246 and 4346.
82
Calculate the highest common divisor of 32724 and 18.
18
Calculate the highest common factor of 39 and 377.
13
Calculate the highest common divisor of 780 and 100.
20
What is the greatest common divisor of 209 and 665?
19
Calculate the highest common factor of 27 and 6939.
27
Calculate the greatest common divisor of 139 and 973.
139
Calculate the greatest common factor of 2091 and 102.
51
Calculate the greatest common factor of 108 and 90.
18
What is the highest common factor of 48 and 3?
3
Calculate the highest common divisor of 48 and 336.
48
Calculate the greatest common divisor of 8 and 376.
8
Calculate the greatest common divisor of 1045 and 385.
55
Calculate the highest common factor of 5934 and 276.
138
What is the highest common factor of 15 and 507?
3
Calculate the greatest common divisor of 105 and 21.
21
What is the highest common factor of 160 and 2180?
20
What is the highest common factor of 4 and 44?
4
Calculate the highest common factor of 4 and 648.
4
What is the greatest common divisor of 20 and 108?
4
What is the highest common divisor of 60 and 348?
12
What is the greatest common factor of 994 and 14?
14
What is the greatest common divisor of 201 and 32093?
67
Calculate the greatest common divisor of 70 and 490.
70
Calculate the greatest common factor of 63 and 19593.
63
Calculate the highest common factor of 76 and 703.
19
Calculate the highest common factor of 130 and 230.
10
Calculate the greatest common divisor of 5082 and 21.
21
What is the highest common divisor of 35 and 20?
5
Calculate the highest common divisor of 220 and 1034.
22
Calculate the highest common divisor of 4181 and 1469.
113
Calculate the highest common divisor of 616 and 12551.
77
Calculate the highest common divisor of 1640 and 40.
40
What is the highest common divisor of 785 and 5?
5
What is the greatest common factor of 28 and 245?
7
Calculate the highest common factor of 1048 and 8.
8
What is the greatest common factor of 12 and 1068?
12
What is the greatest common divisor of 57 and 9?
3
What is the highest common factor of 583 and 88?
11
Calculate the greatest common divisor of 136 and 51.
17
What is the greatest common divisor of 752 and 16?
16
Calculate the highest common factor of 25218 and 81.
27
Calculate the greatest common factor of 525 and 1680.
105
What is the greatest common divisor of 1379 and 1576?
197
Calculate the highest common factor of 115 and 368.
23
What is the greatest common factor of 6 and 294?
6
What is the highest common divisor of 160 and 12020?
20
What is the greatest common divisor of 50 and 82?
2
Calculate the highest common divisor of 332 and 6557.
83
Calculate the greatest common factor of 231 and 63.
21
What is the highest common divisor of 18 and 8?
2
Calculate the greatest common divisor of 16 and 16.
16
What is the greatest common factor of 128 and 80?
16
What is the highest common divisor of 2842 and 522?
58
What is the highest common divisor of 80 and 40?
40
What is the greatest common divisor of 1462 and 34?
34
What is the highest common factor of 5665 and 440?
55
Calculate the greatest common divisor of 94 and 3713.
47
Calculate the highest common divisor of 37 and 333.
37
What is the highest common divisor of 560 and 15?
5
Calculate the highest common factor of 30 and 138.
6
Calculate the highest common divisor of 688 and 336.
16
What is the greatest common divisor of 710 and 70?
10
What is the greatest common divisor of 4109 and 7?
7
Calculate the greatest common divisor of 35 and 14315.
35
Calculate the highest common factor of 4928 and 1925.
77
What is the greatest common factor of 22 and 187?
11
What is the highest common divisor of 1749 and 22?
11
What is the greatest common divisor of 322 and 2?
2
Calculate the highest common factor of 13 and 52.
13
Calculate the highest common factor of 19 and 1539.
19
What is the greatest common divisor of 1325 and 25?
25
What is the highest common divisor of 1770 and 60?
30
Calculate the greatest common factor of 9384 and 23.
23
What is the highest common divisor of 651 and 21?
21
What is the highest common factor of 6062 and 28?
14
What is the greatest common divisor of 15 and 465?
15
Calculate the greatest common divisor of 897 and 253.
23
What is the greatest common divisor of 32 and 1424?
16
What is the greatest common divisor of 56863 and 101?
101
What is the highest common factor of 87 and 261?
87
What is the highest common factor of 3474 and 144?
18
What is the greatest common divisor of 500 and 4?
4
What is the highest common factor of 120 and 1176?
24
Calculate the greatest common factor of 1550 and 40.
10
What is the greatest common divisor of 1440 and 270?
90
Calculate the highest common divisor of 68 and 16.
4
What is the greatest common factor of 2740 and 60?
20
What is the highest common divisor of 22 and 2?
2
Calculate the highest common divisor of 80 and 3460.
20
Calculate the greatest common factor of 45 and 3645.
45
What is the highest common divisor of 315 and 70?
35
What is the highest common divisor of 24219 and 117?
117
What is the greatest common factor of 444 and 9472?
148
Calculate the greatest common factor of 43 and 989.
43
What is the greatest common factor of 3116 and 41?
41
What is the greatest common divisor of 525 and 357?
21
Calculate the greatest common factor of 126 and 567.
63
What is the highest common factor of 114 and 126?
6
Calculate the greatest common divisor of 486 and 18.
18
Calculate the highest common factor of 116 and 551.
29
Calculate the greatest common factor of 490 and 126.
14
Calculate the highest common factor of 18 and 39.
3
What is the greatest common factor of 5 and 605?
5
What is the highest common divisor of 262 and 10742?
262
What is the greatest common divisor of 1325 and 106?
53
What is the greatest common factor of 4 and 116?
4
What is the greatest common factor of 7 and 567?
7
What is the highest common factor of 203 and 29?
29
Calculate the greatest common factor of 72 and 60.
12
What is the highest common factor of 889 and 14?
7
What is the greatest common factor of 36289 and 11?
11
Calculate the highest common factor of 2270 and 30.
10
Calculate the highest common divisor of 175 and 1645.
35
Calculate the highest common divisor of 231 and 5523.
21
Calculate the greatest common factor of 5032 and 544.
136
Calculate the highest common factor of 75 and 240.
15
Calculate the highest common divisor of 111 and 13875.
111
Calculate the greatest common factor of 273 and 91.
91
Calculate the greatest common divisor of 328 and 41.
41
What is the greatest common factor of 768 and 72?
24
What is the highest common factor of 108 and 8?
4
What is the highest common factor of 17 and 9?
1
Calculate the highest common factor of 364 and 56.
28
What is the highest common divisor of 1264 and 79?
79
Calculate the greatest common divisor of 1 and 2362.
1
What is the greatest common factor of 24 and 108?
12
Calculate the greatest common factor of 195 and 15.
15
What is the highest common factor of 714 and 966?
42
Calculate the greatest common divisor of 3 and 111.
3
What is the highest common factor of 70 and 55?
5
What is the greatest common divisor of 22 and 495?
11
What is the greatest common divisor of 518 and 74?
74
What is the highest common factor of 148 and 8?
4
Calculate the greatest common divisor of 544 and 408.
136
Calculate the greatest common factor of 136 and 170.
34
What is the greatest common divisor of 430 and 20?
10
Calculate the highest common divisor of 294 and 1512.
42
Calculate the greatest common divisor of 1961 and 37.
37
What is the highest common factor of 85 and 450?
5
What is the greatest common divisor of 881